{"id":2101,"date":"2024-03-31T05:35:27","date_gmt":"2024-03-31T05:35:27","guid":{"rendered":"https:\/\/mexquiticdecarmona-slp.gob.mx\/2021-2024\/?page_id=2101"},"modified":"2024-03-31T05:35:28","modified_gmt":"2024-03-31T05:35:28","slug":"oficialia-mayor","status":"publish","type":"page","link":"https:\/\/mexquiticdecarmona-slp.gob.mx\/2021-2024\/oficialia-mayor\/","title":{"rendered":"OFICIAL\u00cdA MAYOR"},"content":{"rendered":"\n<p>EL QUE SUSCRIBE, POR MEDIO DE ESTE CONDUCTO ME DIRIJO A USTED DE LA MANERA M\u00c1S ATENTA ENVI\u00c1NDOLE UN CORDIAL SALUDO Y AL MISMO TIEMPO INFORMARLE SOBRE LAS FUNCIONES BRINDADAS POR PARTE DE ESTA OFICIAL\u00cdA MAYOR SIENDO AS\u00cd:<\/p>\n\n\n\n<ul class=\"wp-block-list\">\n<li>DISE\u00d1AR, ESTABLECER Y APLICAR EN COORDINACI\u00d3N CON TESORER\u00cdA Y LA DIRECCI\u00d3N DE PLANEACI\u00d3N, LAS POL\u00cdTICAS Y PROCEDIMIENTOS PARA LA ELABORACI\u00d3N Y EJECUCI\u00d3N DEL PRESUPUESTO DE EGRESOS.<\/li>\n\n\n\n<li>ADMINISTRAR Y CONTROLAR LOS RECURSOS HUMANOS, (COMO LA CONTRATACI\u00d3N DE PERSONAL, REALIZACI\u00d3N DE N\u00d3MINAS Y CAPACITACI\u00d3N DE PERSONAL).<\/li>\n\n\n\n<li>CONTAMOS CON LOS BIENES PATRIMONIALES DEL MUNICIPIO.<\/li>\n\n\n\n<li>MEJORAR EL MANTENIMIENTO Y CONSERVACI\u00d3N DE EQUIPO, VEH\u00cdCULOS Y MAQUINARIA PESADA.<\/li>\n\n\n\n<li>ADQUIRIR LOS BIENES MUEBLES Y SERVICIOS NECESARIOS PARA EL FUNCIONAMIENTO DE LAS DEPENDENCIAS MUNICIPALES.<\/li>\n\n\n\n<li>PARTICIPAR EN LA COMISI\u00d3N DE ENTREGA-RECEPCI\u00d3N DE DEPENDENCIAS Y ENTIDADES DE LA ADMINISTRACI\u00d3N P\u00daBLICA MUNICIPAL.<\/li>\n<\/ul>\n","protected":false},"excerpt":{"rendered":"<p>EL QUE SUSCRIBE, POR MEDIO DE ESTE CONDUCTO ME DIRIJO A USTED DE LA MANERA M\u00c1S ATENTA ENVI\u00c1NDOLE UN CORDIAL SALUDO Y AL MISMO TIEMPO INFORMARLE SOBRE LAS FUNCIONES BRINDADAS POR PARTE DE ESTA OFICIAL\u00cdA MAYOR SIENDO AS\u00cd:<\/p>\n","protected":false},"author":2,"featured_media":0,"parent":0,"menu_order":0,"comment_status":"closed","ping_status":"closed","template":"","meta":{"site-sidebar-layout":"default","site-content-layout":"default","ast-main-header-display":"","ast-hfb-above-header-display":"","ast-hfb-below-header-display":"","ast-hfb-mobile-header-display":"","site-post-title":"","ast-breadcrumbs-content":"","ast-featured-img":"","footer-sml-layout":"","theme-transparent-header-meta":"","adv-header-id-meta":"","stick-header-meta":"","header-above-stick-meta":"","header-main-stick-meta":"","header-below-stick-meta":"","footnotes":""},"class_list":["post-2101","page","type-page","status-publish","hentry"],"acf":[],"_links":{"self":[{"href":"https:\/\/mexquiticdecarmona-slp.gob.mx\/2021-2024\/wp-json\/wp\/v2\/pages\/2101","targetHints":{"allow":["GET"]}}],"collection":[{"href":"https:\/\/mexquiticdecarmona-slp.gob.mx\/2021-2024\/wp-json\/wp\/v2\/pages"}],"about":[{"href":"https:\/\/mexquiticdecarmona-slp.gob.mx\/2021-2024\/wp-json\/wp\/v2\/types\/page"}],"author":[{"embeddable":true,"href":"https:\/\/mexquiticdecarmona-slp.gob.mx\/2021-2024\/wp-json\/wp\/v2\/users\/2"}],"replies":[{"embeddable":true,"href":"https:\/\/mexquiticdecarmona-slp.gob.mx\/2021-2024\/wp-json\/wp\/v2\/comments?post=2101"}],"version-history":[{"count":1,"href":"https:\/\/mexquiticdecarmona-slp.gob.mx\/2021-2024\/wp-json\/wp\/v2\/pages\/2101\/revisions"}],"predecessor-version":[{"id":2102,"href":"https:\/\/mexquiticdecarmona-slp.gob.mx\/2021-2024\/wp-json\/wp\/v2\/pages\/2101\/revisions\/2102"}],"wp:attachment":[{"href":"https:\/\/mexquiticdecarmona-slp.gob.mx\/2021-2024\/wp-json\/wp\/v2\/media?parent=2101"}],"curies":[{"name":"wp","href":"https:\/\/api.w.org\/{rel}","templated":true}]}}