{"id":2084,"date":"2024-03-31T05:23:25","date_gmt":"2024-03-31T05:23:25","guid":{"rendered":"https:\/\/mexquiticdecarmona-slp.gob.mx\/2021-2024\/?page_id=2084"},"modified":"2024-03-31T05:23:26","modified_gmt":"2024-03-31T05:23:26","slug":"educacion-y-deportes","status":"publish","type":"page","link":"https:\/\/mexquiticdecarmona-slp.gob.mx\/2021-2024\/educacion-y-deportes\/","title":{"rendered":"EDUCACI\u00d3N Y DEPORTES"},"content":{"rendered":"\n<h2 class=\"wp-block-heading\">DEPARTAMENTO DE EDUCACION<\/h2>\n\n\n\n<p>El departamento de Educaci\u00f3n est\u00e1 pendiente de las escuelas del municipio de Mexquitic de Carmona, en tener una buena Educaci\u00f3n y valores, se han realizado tour para saber m\u00e1s acerca de la historia del municipio, visitando las distintas haciendas del municipio con el fin de enriquecer el conocimiento con el fin de fomentar la historia cultura de la poblaci\u00f3n adolecente de mexquitic de Carmona, gestiona materiales did\u00e1ctico para las diferentes escuelas educativas dentro del municipio (pintar rones, mesa bancos, libretas, marcadores, cartulinas, hojas de m\u00e1quina, de igual manera se facilit\u00f3 a la entrega de banderas de las 144 comunidades a nivel primaria y secundaria entrega de banderas, etc.), de igual manera a los maestros conferencias, eventos c\u00edvicos a fechas conmemorativas.<\/p>\n\n\n\n<h2 class=\"wp-block-heading\">DEPARTAMENTO DE DEPORTES<\/h2>\n\n\n\n<p>El Departamento de Deportes se enfoca a la gesti\u00f3n (pinturas para el mantenimiento de canchas de basquetbol de diferentes comunidades) promoci\u00f3n de los eventos deportivos, carreras atl\u00e9ticas, gesti\u00f3n de apoyo para competencias fuera del municipio individual o por equipo.<\/p>\n","protected":false},"excerpt":{"rendered":"<p>DEPARTAMENTO DE EDUCACION El departamento de Educaci\u00f3n est\u00e1 pendiente de las escuelas del municipio de Mexquitic de Carmona, en tener una buena Educaci\u00f3n y valores, se han realizado tour para saber m\u00e1s acerca de la historia del municipio, visitando las distintas haciendas del municipio con el fin de enriquecer el conocimiento con el fin de &hellip;<\/p>\n<p class=\"read-more\"> <a class=\"\" href=\"https:\/\/mexquiticdecarmona-slp.gob.mx\/2021-2024\/educacion-y-deportes\/\"> <span class=\"screen-reader-text\">EDUCACI\u00d3N Y DEPORTES<\/span> Leer m\u00e1s &raquo;<\/a><\/p>\n","protected":false},"author":2,"featured_media":0,"parent":0,"menu_order":0,"comment_status":"closed","ping_status":"closed","template":"","meta":{"site-sidebar-layout":"default","site-content-layout":"default","ast-main-header-display":"","ast-hfb-above-header-display":"","ast-hfb-below-header-display":"","ast-hfb-mobile-header-display":"","site-post-title":"","ast-breadcrumbs-content":"","ast-featured-img":"","footer-sml-layout":"","theme-transparent-header-meta":"","adv-header-id-meta":"","stick-header-meta":"","header-above-stick-meta":"","header-main-stick-meta":"","header-below-stick-meta":"","footnotes":""},"class_list":["post-2084","page","type-page","status-publish","hentry"],"acf":[],"_links":{"self":[{"href":"https:\/\/mexquiticdecarmona-slp.gob.mx\/2021-2024\/wp-json\/wp\/v2\/pages\/2084","targetHints":{"allow":["GET"]}}],"collection":[{"href":"https:\/\/mexquiticdecarmona-slp.gob.mx\/2021-2024\/wp-json\/wp\/v2\/pages"}],"about":[{"href":"https:\/\/mexquiticdecarmona-slp.gob.mx\/2021-2024\/wp-json\/wp\/v2\/types\/page"}],"author":[{"embeddable":true,"href":"https:\/\/mexquiticdecarmona-slp.gob.mx\/2021-2024\/wp-json\/wp\/v2\/users\/2"}],"replies":[{"embeddable":true,"href":"https:\/\/mexquiticdecarmona-slp.gob.mx\/2021-2024\/wp-json\/wp\/v2\/comments?post=2084"}],"version-history":[{"count":1,"href":"https:\/\/mexquiticdecarmona-slp.gob.mx\/2021-2024\/wp-json\/wp\/v2\/pages\/2084\/revisions"}],"predecessor-version":[{"id":2085,"href":"https:\/\/mexquiticdecarmona-slp.gob.mx\/2021-2024\/wp-json\/wp\/v2\/pages\/2084\/revisions\/2085"}],"wp:attachment":[{"href":"https:\/\/mexquiticdecarmona-slp.gob.mx\/2021-2024\/wp-json\/wp\/v2\/media?parent=2084"}],"curies":[{"name":"wp","href":"https:\/\/api.w.org\/{rel}","templated":true}]}}